 + m*o. Calculate t(3).
-7
Let l(g) = 5*g**2 - 84*g + 5. Let m(z) = z**2 - 14*z. Let p(f) = -l(f) + 6*m(f). Determine p(4).
11
Let b = 7 - 6. Let t(n) = -465 + 236 + 3*n + 228. What is t(b)?
2
Let b(p) = 1 + 12*p**2 - p**3 - 628*p - 7*p**2 + 633*p + 4. What is b(6)?
-1
Let n(z) be the first derivative of -z**2 + 3*z + 1. Let m(o) = 2121 - o**3 - 2*o + o**2 + 0*o**2 - 2119. Let i be m(2). Give n(i).
15
Suppose 0 = -3*z + 28 + 20. Let x = 10 - z. Let i(m) = -13*m**2 - 21*m - 6. Let g(q) = -7*q**2 - 11*q - 3. Let n(k) = -11*g(k) + 6*i(k). Give n(x).
-9
Suppose -2*x + 9 = 4*y + y, -5*x + 10 = 0. Let v(q) = -6 - 3*q + 0 + y. What is v(-5)?
10
Let n(z) = -z + 19. Suppose -u + 4*g + 1 = 11, -4*u + 4*g + 8 = 0. Calculate n(u).
13
Let j(a) = a + 11. Let n(m) = 60 - 60 + 2*m**2 - m**2. Let d be n(0). Determine j(d).
11
Let u(l) = -3*l**3 - 19*l**2 + l + 9. Let a(v) = 2*v**3 + 9*v**2 - v - 4. Let j(i) = -5*a(i) - 3*u(i). Give j(12).
17
Let q(h) = 3*h. Let b be q(-6). Let v = -14 - b. Let f(g) = 2*g**2 - g**2 - v + 0*g**2 + 3 - 2*g + g**3. Calculate f(2).
7
Suppose 0 = 3*f - 224 + 185. Let t(v) = -v**2 + 11*v + 15. Determine t(f).
-11
Let k(d) = -d**3 + 5*d**2 - 2*d - 4. Let u be (-2)/4 - 28/8 - -7. Calculate k(u).
8
Let w(n) = n**3 + 9*n**2 + 8*n - 11. Suppose -22*i - 284 = -108. Give w(i).
-11
Suppose 0 = 3*m - 2*o - 13, -4*o - 26 + 2 = -4*m. Let b(r) = -12*r**3 - 3*r + 19. Let x(u) = 4*u**3 + u - 6. Let f(h) = 6*b(h) + 19*x(h). Calculate f(m).
5
Let c(w) be the first derivative of w**4/4 - 4*w**3/3 - w**2/2 + 5*w - 9. Let x(a) = -a - 14. Let z be x(-18). Calculate c(z).
1
Let w be (4 - 3)/((-2)/22). Let b(m) = 3*m + 21. Determine b(w).
-12
Let b(z) = z**2 - 6*z + 3. Let q(d) = d + 5. Suppose 5*t + 2*l = 17, -3*l + 6 = 3*t - 6. Let p be (-3)/(-3) - (t + -2). Let h be q(p). Give b(h).
-2
Let t(l) = 1 - 6*l + 1 - 6*l**2 - 6*l. Let m(y) = -y - 2*y**2 - y + 38 + y**2 + y - 39. Let v(p) = 5*m(p) - t(p). Calculate v(-7).
-7
Let y(b) = b**3 - 6*b**2 - 6*b + 3. Suppose 2*n = -15*n + 102. Give y(n).
-33
Let s(c) = 5*c**2 + 1. Let o(d) = -6*d**2 + d - 1. Let x(z) = 2*o(z) + 3*s(z). Suppose -2*l - 2*q - 63 + 47 = 0, -3*l - 5*q = 36. Determine x(l).
9
Let i(o) = 0*o**2 - 4*o**2 - o + 6*o**2 - o**2. Let c(p) = 3*p**2 - 3. Let d(w) = c(w) - 4*i(w). Give d(7).
-24
Let l be 4/(-10) - (-120)/50. Let r(c) be the first derivative of -1/2*c**l + 9 - 5/3*c**3 - c. Determine r(-2).
-19
Let a(v) = -v + 3 - 9 + 8*v - 5*v + 7. Suppose 2*u + 3*m - 14 + 4 = 0, -3*u + 3*m = 0. What is a(u)?
5
Let o(z) = 4*z**2 - 17*z - 14. Let u be o(5). Let h(g) be the third derivative of -7*g**4/24 + g**3/6 - 2*g**2. Calculate h(u).
-6
Let w be (0 - (-3)/18)*-8*3. Let i(g) = 2*g + 8. Give i(w).
0
Suppose 33*b + 55 = 22*b. Let q(d) = 10*d - 3. Calculate q(b).
-53
Let c be (-6 + -1)/(4/(-4)). Let t(v) = v**2 - 7*v - 6. What is t(c)?
-6
Let g(d) = -d**3 - 7*d**2 + 100*d - 16. Let k be g(7). Let i(p) = -2*p - 3. Give i(k).
1
Let t(r) = -r + 9. Suppose 5*u + i - 68 = 0, -3*i - 28 = -u - 8*i. Give t(u).
-4
Let f = -26 + 19. Let t(d) = -3*d**3 - 31*d**2 - 24*d - 28. Let u(a) = a**3 + 10*a**2 + 8*a + 9. Let n(l) = 2*t(l) + 7*u(l). What is n(f)?
0
Let h(k) = 9*k + 3. Let y = -60 - -62. Let n(f) = 63*f + 21. Let j(u) = y*n(u) - 15*h(u). Give j(-2).
15
Let v(o) = 2 - 3*o - 2 + 2 - 5 - o**2. Give v(-2).
-1
Let p(t) be the second derivative of -4*t + 0 + 0*t**2 + 1/4*t**4 + 1/20*t**5 + 0*t**3 + 1/720*t**6. Let g(a) be the third derivative of p(a). Calculate g(5).
11
Let t(a) be the third derivative of -a**6/720 + a**4/4 - 9*a**2. Let d(s) be the second derivative of t(s). Determine d(5).
-5
Let r(g) = -g**3 + 9*g**2 - 6*g - 13. Let h be 4*(-1 + (2 + -3)*-3). Give r(h).
3
Suppose -3*r = -3*j + j + 17, 20 = -4*r + 2*j. Let t(d) = -d**3 - d**2 + d + 1. Determine t(r).
16
Let c(l) be the third derivative of l**4/8 + 13*l**3/6 - 5*l**2 - 18. Calculate c(-11).
-20
Let m(y) = -80*y + 45*y + 16 + 46*y + 3*y**2 - 2*y**2. Calculate m(-9).
-2
Let i be 2/6 - (-16)/6. Let w be (-2 - -2) + 2 - i. Let x(n) = -1 + n**2 - n**3 - 54*n**3 - n - n**3 + 66*n**3. Calculate x(w).
-9
Let a(j) = -j**2 - 6*j + 8. Let l = -1 + 4. Suppose v = 5*c - 11, -5*v - 8 = l*c + 19. Give a(v).
8
Suppose 8*u + 106 = 6*u. Let y = 56 + u. Let k(i) = 5*i - 4*i**2 + 2*i**2 + 3*i**2 - 3 - i**3. What is k(y)?
-6
Let z(k) = -7*k + k**3 + 7*k - 4. Suppose -50*c + 46*c = 0. Determine z(c).
-4
Let n(y) = y**2 + 4*y - 1. Let l be 17/((-2 - -3)*-1). Let r = 13 + l. Give n(r).
-1
Suppose 0 = -5*n + 5*a - 15, 5*n + 0*a + 5*a - 15 = 0. Let c(u) = 8 + 2*u - 4*u**2 + 3*u**2 - 3*u + n*u. Give c(0).
8
Suppose 16 = -2*u + 4*u. Let m(k) = k**3 - 7*k**2 - 6*k - 8. Let v be m(u). Let o(a) = -v*a + 6*a - 3 + 5*a - 2*a. Give o(3).
0
Let y(n) = n - 11. Let k be (79/(-3) - 14/21)*2. Let m = 59 + k. What is y(m)?
-6
Let b(v) = -v**2 - v**2 + 1 + 8*v**2 + 6*v - v**3 + 8. Let y be b(7). Let l(w) = 2*w**2 + 0*w**3 + 2*w**3 - 2*w**3 + 1 - y*w - 6*w**3. What is l(1)?
-5
Suppose -2*w + 6*s = 2*s + 14, w - 23 = -4*s. Suppose -k - 53 = -5*j, -w*k + k = 6. Suppose -2*i - j = -4. Let f(c) = 2*c + 3. What is f(i)?
-3
Suppose 2 = 4*f - 2. Let u = 0 + f. Let j(t) = 15*t - 13. Let l(w) = -13*w + 11. Let b(v) = -6*j(v) - 7*l(v). Calculate b(u).
2
Let x(y) = 7*y. Let o be (6/(-18)*3)/(-1). What is x(o)?
7
Let u(t) = -t + 9. Let d(f) = f**3 - 2*f**2 - 10*f + 8. Let m be d(4). Suppose -5*q - 8*s = -9*s - 58, -2*q - s + 19 = m. Calculate u(q).
-2
Let z(u) = -u - 2*u + 8*u - 3*u**2 - 5 + 2*u**2. Let s = 34 + -14. Suppose 5*b + 0 = -4*t + 1, -2*t = -4*b - s. Determine z(t).
-1
Let l be (145 - 149) + 2/(-2) + 5. Let k(c) = c - 2. Determine k(l).
-2
Let n be 480/78 + (-4)/26. Let g(d) = -4*d + 2*d + d**2 + 0 + 3 - n*d. Give g(7).
-4
Let m = 1815 + -1809. Let p(y) be the first derivative of 1/3*y**3 - m*y + 1/2*y**2 - 1. What is p(0)?
-6
Let j(a) be the second derivative of a**6/90 - a**4/12 - a**3/2 + 40*a. Let d(t) be the second derivative of j(t). Calculate d(-2).
14
Let w(z) = 5*z + z - 4*z + 2*z - 1. Let j(x) = 2*x - 12. Let v be j(7). Suppose -4*p = -v*m, m - 10 = -4*p - 2*m. What is w(p)?
3
Let t(i) = i**2 - 3*i - 2. Let c = 188 + -124. Suppose -2*u + 20 = -2*l - 4, 4*u + c = -4*l. Let o = 19 + l. Give t(o).
8
Let o(h) = -h**3 - 16*h**2 - 13*h + 36. Let k be o(-15). Let r be 2/(-6) - 14/(-6). Let s(x) = x - k*x + r*x + 0*x. Calculate s(1).
-3
Let n(t) = 2*t + 6*t + 3*t - 5*t + 3 - t**2. Let s = 1 + 1. Let b be (s + -3)/((-2)/10). Give n(b).
8
Let t be -10*(6/4 - 2). Suppose 0 = t*r + f + 3, -f - 3 = -0*r - 2*r. Let a(x) = -68*x - 26. Let s(p) = 37*p + 14. Let w(o) = 6*a(o) + 11*s(o). Determine w(r).
-2
Let y be -1*2/4*6. Let n(b) be the third derivative of -b**5/60 - 5*b**4/24 - b**3/3 - 97*b**2 - 3*b. Give n(y).
4
Let h(a) = -12*a - 8. Let g(l) = 13*l + 10. Let u(o) = -5*g(o) - 6*h(o). Give u(-5).
-37
Suppose 3*t - 5 = 1. Let p(q) be the first derivative of -3*q**t - 2 + q**2 + 0*q**2 + 6*q**2. What is p(1)?
8
Let p(v) = v**3 - 11*v**2 + 12*v - 20. Let r be p(10). Let z(a) = a - 21. Determine z(r).
-21
Let v(q) = -24*q**2 - 7*q - 6. Let o(r) = -26*r**2 - 8*r - 7. Let i(x) = 6*o(x) - 7*v(x). Calculate i(1).
13
Let r(j) be the second derivative of j**5/60 + j**4/12 - j**3/3 - 5*j**2 - 7*j. Let h(i) be the first derivative of r(i). What is h(-4)?
6
Let h(o) = 3*o + 5. Suppose p = -k + 1, 2*p + 3*p - 41 = 4*k. Suppose -p*m + 3*g = -m + 8, 3*m - 4*g - 1 = 0. Give h(m).
-10
Let h(w) = -5*w**3 + 2*w**2 + 3*w - 4. Let t(r) = -5*r**3 + 2*r**2 + 4*r - 5. Let o(q) = 4*h(q) - 3*t(q). Suppose -8*a = -38 + 46. Give o(a).
6
Let i be (0 - -5) + (-1)/(-1). Let x(b) = -47564*b + 12 - 4 + 23782*b + 23778*b. Calculate x(i).
-16
Let t be 7 - (5 + -3 - -7). Let v(u) = -2*u**2 + u + 1. Calculate v(t).
-9
Suppose 2 = 4*f - 6. Let w(u) = -14 - 5*u + 3 + f + 8. Let r = 7 + -10. Determine w(r).
14
Suppose 0 = 2*b + 4*n - 10, 16*n = -5*b + 17*n + 14. Let h(t) be the third derivative of 7*t**2 + 1/8*t**4 - 2/3*t**b + 0 + 1/60*t**5 + 0*t. Determine h(-5).
6
Let d be (-8)/(-28) + 19/7. Let w(z) = -1 - z**d - 3*z + 0*z - z + 5*z**2. Suppose -10 = 2*s, k - 6*k - 5*s - 10 = 0. What is w(k)?
5
Let w = -4 + -4. Let o = -5 - w. Suppose -3*b - 15 = -4*u, -o*b = -8*u + 5*u + 12. Let q(k) = -k**3 + 4*k**2 - 3*k - 4. Give q(